sor of j and 186?
6
Let g = 721 - 468. What is the highest common factor of g and 11?
11
Let b(f) = -9*f + 1. Let g be b(6). Let o(k) = 14*k**3 - 3*k**2 - 4*k - 3. Let u be o(-2). Let m = g - u. What is the highest common factor of m and 11?
11
Let g = -21 + 23. Let x = -4 - -7. Suppose -x*p + 225 = g*p. Calculate the greatest common divisor of 15 and p.
15
Suppose -2*z = z + 5*w - 947, 4*w = 4*z - 1316. Calculate the highest common divisor of z and 180.
36
Suppose -2*g + 1 = -5, g - 11 = -2*x. Suppose -x*f - f + 3*d = 149, -4*d = 2*f + 70. Let a = f + 58. Calculate the greatest common factor of a and 243.
27
Let m = -154 + 224. Calculate the greatest common divisor of 14 and m.
14
Suppose -72 - 268 = -2*z. Calculate the highest common factor of 50 and z.
10
Suppose -5*r = -i - 0*i - 4342, 4*i = -4*r + 3464. What is the greatest common factor of r and 372?
124
Suppose 25*t - 108 = -2*t. What is the highest common divisor of 124 and t?
4
Let c(g) = 28*g + 1 - 28*g + 3*g**2. Let j be c(1). Suppose j = 3*o - o. Calculate the greatest common divisor of 2 and o.
2
Suppose 0 = -2*h, -4*n - 2*h + 48 = -h. Let r = n - 0. Let x(v) = -v**2 + 47*v - 76. Let d be x(43). What is the greatest common factor of r and d?
12
Suppose 3*n - 320 = -3*b + 8*b, -5*n + 2*b + 527 = 0. Let d = -114 - -135. Calculate the highest common divisor of n and d.
21
Let z = 516 + -511. Calculate the highest common divisor of z and 15.
5
Let z = 53 - 36. Let q(g) = -8*g - 20. Let a(h) = h. Let p(w) = -5*a(w) - q(w). Let l be p(16). What is the highest common factor of z and l?
17
Let j be 1/(1 + 43/(-44)). Let m = -573 + 803. Let a = m + -208. Calculate the highest common factor of a and j.
22
Let c(h) = -h**3 + 3*h + 3. Let g be c(-3). Suppose 4*y = 3*y + g. Suppose y = 4*j + 5*d, d - 1 = j - 4. Calculate the greatest common factor of 36 and j.
4
Let z be (-26*9)/(4 - 6) - 3. Calculate the highest common divisor of z and 1938.
114
Let x be (24/14)/(1/14). Let k(l) = -43*l - 370. Let z be k(-10). What is the highest common divisor of x and z?
12
Let m(i) = -5*i**3 - 66*i**2 - 24*i + 2. Let c be m(-13). What is the greatest common divisor of 58 and c?
29
Let n be (2 - 1)/(2/6). Suppose -6*q = -9*q + n. Let g be -4*4/(2/(-1)). Calculate the highest common factor of g and q.
1
Suppose -4*a - 13*c + 32 = -14*c, -8 = -a - c. Suppose o = -5*i + 9, 5*i + o - 3*o + 3 = 0. Calculate the greatest common divisor of a and i.
1
Suppose -3*v = -5*z - 9 - 0, 4*z - 9 = -3*v. Suppose 21 = 2*l + v*f, 2*f + 82 = -3*l + 7*l. Calculate the highest common divisor of 27 and l.
9
Let y = -19 - -28. Suppose -o = -3*s - 35, 0*s = 4*s - 2*o + 44. Let d = -4 - s. What is the highest common divisor of y and d?
9
Suppose -4860 = 123*a - 133*a. Calculate the highest common factor of 18 and a.
18
Suppose -4*t - 203 = -5*l, 5*t - 2*t + 45 = l. Let j = 47 - 34. Calculate the greatest common factor of l and j.
13
Let a(v) = v**2 - 12*v + 78. Let p be a(14). What is the greatest common divisor of 1325 and p?
53
Let c be (32/12)/(-1 + (-10)/(-6)). Suppose -9 = -c*l + 195. What is the greatest common divisor of l and 17?
17
Let a be (23/((-644)/720))/(1/(-7)). What is the highest common divisor of a and 108?
36
Suppose -3*i - 14 = -g - 5, 0 = -g - i + 21. Suppose -373 - 140 = -19*f. Calculate the greatest common factor of f and g.
9
Let v(b) = 2*b + 15. Let t be v(-6). Suppose 4*d = 3*f - d - 404, -388 = -t*f + d. Calculate the highest common factor of 16 and f.
16
Let z be (-64)/(-6)*1*3. Suppose 0 = -5*q - x + 546 + 733, -3*x - 3 = 0. What is the highest common divisor of q and z?
32
Suppose -5*p - 157 = -3*d, 0 = -4*d - 4*p + 2*p + 244. Let x = 5 + d. Calculate the highest common divisor of 8 and x.
8
Let s be 6/21 + 2224/56. What is the greatest common divisor of 24 and s?
8
Suppose -4*u + v + 22 = 0, -11 = -3*u + 3*v + 10. Let i(m) = -m**3 + 11*m**2 - 7*m - 10. Let b be i(10). What is the highest common divisor of b and u?
5
Suppose 20 = -3*f + 74. Let x = f + 1. Calculate the highest common factor of 57 and x.
19
Let j be ((-7)/3 + -1)*-15. Let r = 42 + -12. Suppose -10 + r = 2*k. What is the greatest common factor of k and j?
10
Let x(o) = -10*o. Let n(t) = 5*t. Let p(l) = 15*n(l) + 6*x(l). Let m be p(3). Let s = -33 - -48. What is the highest common factor of m and s?
15
Let r be (-1)/4*61*(18 + -22). What is the highest common divisor of 427 and r?
61
Let s = -38 - -62. What is the highest common factor of s and 12?
12
Let y be 6/4 + 4/8. Suppose -23 = -y*u + 3. What is the highest common factor of u and 39?
13
Let r(m) = m**2 - 2*m - 1. Suppose 4*n - 5*o = -2 - 5, -2*n - 3*o = 9. Let b be r(n). Suppose g - b = -g. What is the greatest common factor of g and 14?
7
Let b = -64 + 64. Suppose b = -3*o - 3*u + 111, 0*u + u + 47 = o. What is the greatest common factor of 28 and o?
14
Let b = -157 - -277. Calculate the highest common factor of 15 and b.
15
Let u = -22 - -16. Let b be 6/9*u*-2. Suppose 448 = 33*t - 26*t. Calculate the highest common divisor of t and b.
8
Suppose -5*x + 60 = d, 70 = 5*x + 2*d + 10. Let j be (2 + 4/3)*x. Calculate the greatest common divisor of j and 5.
5
Suppose 5*q - 20 = q. Suppose 1 = -q*v + 21. Suppose h - v*h + 135 = 0. Calculate the highest common factor of h and 18.
9
Let f = 154 - 127. What is the greatest common divisor of f and 117?
9
Let y be (800/(-15))/(14/(-63)). What is the highest common factor of 90 and y?
30
Let w(m) = -3*m - 10. Suppose 5*n - 4*u = 156, -2*n + 63 = -3*u + 2*u. Suppose 13*h + n = 9*h. Let a be w(h). Calculate the greatest common divisor of a and 70.
14
Let x = -316 - -333. What is the highest common divisor of 187 and x?
17
Suppose -7*g + 34 = 13. Let h be g*1/15 - 9/(-5). Calculate the greatest common factor of 1 and h.
1
Suppose 0 = -3*x + c + 96, -5*x + 3*c = -0*c - 160. Let f = -83 + 115. What is the greatest common factor of f and x?
32
Suppose i + 6 = -0*i. Let y = i + 8. Let g be (-10)/((7/y)/(-7)). What is the highest common divisor of 4 and g?
4
Let x = 1560 + -1515. Calculate the highest common factor of x and 90.
45
Let h = 1757 - 1577. Calculate the greatest common divisor of h and 12.
12
Suppose 4*g - 8 = -4*a, 2*a - 7*a = 25. Suppose 0 = -2*z - 2*z. Suppose -3*h + 164 + g = z. What is the greatest common factor of h and 38?
19
Suppose -3*l + 27 = 3*t, -4*t + 25 = l + t. Suppose -6*c = -l*c - 29. Let o be -3 + 2/2 + c. Calculate the greatest common factor of 3 and o.
3
Let p(m) = 5*m**2 + 5*m + 36. Let g be p(-12). Calculate the highest common factor of 96 and g.
24
Suppose -31*l + 594 = -1824. Calculate the highest common divisor of l and 819.
39
Let n = 269 - 237. What is the highest common divisor of n and 224?
32
Let c(z) = 2*z**2 + 2*z + 16. Let t be c(0). Calculate the greatest common factor of 28 and t.
4
Let q(h) = h**3 - 9*h - 4 - 10*h**2 + 8*h - 2*h**3 - 12*h**2. Let f be q(-22). What is the greatest common factor of 126 and f?
18
Suppose 3*c - 8 - 49 = 0. Let n be -26*(0 - -1)/(-1). Let f = n - c. Calculate the greatest common factor of 77 and f.
7
Suppose -x = -0*x + 9. Let m be (-34)/(-153) - 268/x. What is the greatest common divisor of 20 and m?
10
Let r = -36 + 61. Let g = r - -11. Calculate the highest common factor of g and 12.
12
Suppose -4*o - g = o - 9, 0 = o + g - 5. Let a be ((-252)/6)/(-3) - (0 - 0). Let x be ((-9)/2)/(-1) + (-7)/a. What is the highest common divisor of x and o?
1
Let m = 24 + -28. Let r be ((-576)/56)/(m/14). Calculate the highest common factor of 9 and r.
9
Let f(o) = -o**3 + 5*o**2 + 4*o + 9. Let d be f(4). Calculate the highest common factor of d and 369.
41
Let f = -1261 + 1581. What is the highest common factor of 70 and f?
10
Suppose 8 - 2 = -3*p. Let l be (-3 + (-5)/p)*34. Let b = l - -23. What is the highest common factor of b and 48?
6
Suppose 0 = -5*f - 2*p + 759, 3*f + 3*p = 7*f - 621. Calculate the highest common factor of f and 136.
17
Suppose -5*i = -3*g - 9, -4*g + 5*i = 11 - 4. Suppose 0 = 3*z - 2*h - 26, 3*z = -g*h + 10 + 12. Calculate the highest common factor of 8 and z.
8
Let i be -4*(-202)/2 + 1 + 3. What is the greatest common divisor of 24 and i?
24
Let i(g) = g**2 + 16*g - 122. Let c be i(-22). What is the highest common factor of c and 50?
10
Let f = -32 + 37. Sup